he prime factors of 10172256.
2, 3, 17, 23, 271
What are the prime factors of 1670664?
2, 3, 151, 461
What are the prime factors of 523870?
2, 5, 52387
What are the prime factors of 1110859?
1110859
What are the prime factors of 153217?
37, 41, 101
List the prime factors of 61996.
2, 11, 1409
List the prime factors of 175117.
17, 10301
List the prime factors of 25099717.
4909, 5113
List the prime factors of 15268208.
2, 954263
List the prime factors of 777499.
19, 151, 271
List the prime factors of 1282512.
2, 3, 7, 11, 347
What are the prime factors of 4264345?
5, 167, 5107
List the prime factors of 391324.
2, 19, 271
List the prime factors of 2545556.
2, 13, 48953
What are the prime factors of 628650?
2, 3, 5, 11, 127
What are the prime factors of 231581?
7, 33083
List the prime factors of 513897.
3, 171299
List the prime factors of 2688336.
2, 3, 7, 127
What are the prime factors of 110613?
3, 36871
What are the prime factors of 320920?
2, 5, 71, 113
List the prime factors of 263218.
2, 37, 3557
List the prime factors of 3818891.
47, 193, 421
What are the prime factors of 222998?
2, 43, 2593
List the prime factors of 745126.
2, 29, 443
What are the prime factors of 919284?
2, 3, 76607
List the prime factors of 1273368.
2, 3, 17, 3121
What are the prime factors of 929185?
5, 83, 2239
List the prime factors of 15665.
5, 13, 241
List the prime factors of 656910.
2, 3, 5, 811
What are the prime factors of 9097965?
3, 5, 181, 1117
List the prime factors of 849871.
11, 77261
List the prime factors of 19444158.
2, 3, 17, 59, 359
What are the prime factors of 8351680?
2, 5, 26099
List the prime factors of 6721302.
2, 3, 7, 160031
What are the prime factors of 1088472?
2, 3, 7, 11, 19, 31
What are the prime factors of 137926?
2, 68963
List the prime factors of 1484718.
2, 3, 353, 701
List the prime factors of 2200293.
3, 17, 73, 197
What are the prime factors of 9026787?
3, 7, 11, 23, 1699
List the prime factors of 10321437.
3, 7, 491497
List the prime factors of 2231081.
449, 4969
What are the prime factors of 1774586?
2, 11, 7333
List the prime factors of 3299786.
2, 7, 235699
What are the prime factors of 4778988?
2, 3, 398249
What are the prime factors of 10490?
2, 5, 1049
What are the prime factors of 430622?
2, 139, 1549
What are the prime factors of 352288?
2, 101, 109
What are the prime factors of 2815059?
3, 13, 19, 29, 131
What are the prime factors of 451467?
3, 23, 727
List the prime factors of 2554006.
2, 7, 13, 14033
List the prime factors of 3264304.
2, 204019
List the prime factors of 2530061.
53, 47737
List the prime factors of 335415.
3, 5, 59, 379
What are the prime factors of 2967078?
2, 3, 17, 19, 1531
What are the prime factors of 33119634?
2, 3, 311, 17749
List the prime factors of 977958.
2, 3, 54331
List the prime factors of 7906342.
2, 23, 171877
List the prime factors of 9181864.
2, 19, 29, 2083
What are the prime factors of 198971?
198971
What are the prime factors of 6919473?
3, 11, 307, 683
What are the prime factors of 491232?
2, 3, 7, 17, 43
List the prime factors of 27459265.
5, 1249, 4397
What are the prime factors of 5818297?
31, 187687
What are the prime factors of 204840?
2, 3, 5, 569
What are the prime factors of 1112856?
2, 3, 89, 521
What are the prime factors of 399531?
3, 11, 12107
What are the prime factors of 1594433?
1594433
List the prime factors of 209278.
2, 104639
List the prime factors of 26552159.
4889, 5431
What are the prime factors of 5984851?
5984851
What are the prime factors of 3829361?
73, 52457
What are the prime factors of 8524507?
8524507
List the prime factors of 110832.
2, 3, 2309
What are the prime factors of 968336?
2, 60521
List the prime factors of 353015.
5, 13, 5431
What are the prime factors of 455606?
2, 107, 2129
List the prime factors of 14059146.
2, 3, 41, 67, 853
List the prime factors of 3283302.
2, 3, 11, 49747
What are the prime factors of 878044?
2, 31, 73, 97
List the prime factors of 155.
5, 31
What are the prime factors of 3316427?
3316427
List the prime factors of 425906.
2, 13, 16381
List the prime factors of 6265799.
103, 127, 479
List the prime factors of 9066058.
2, 59, 76831
What are the prime factors of 219098?
2, 11, 23, 433
List the prime factors of 264318.
2, 3, 44053
List the prime factors of 313106.
2, 17, 9209
List the prime factors of 10044285.
3, 5, 337, 1987
What are the prime factors of 4269130?
2, 5, 426913
List the prime factors of 392842.
2, 103, 1907
What are the prime factors of 31672706?
2, 13, 103, 11827
List the prime factors of 403922.
2, 201961
List the prime factors of 70846.
2, 35423
List the prime factors of 4904091.
3, 37, 4909
List the prime factors of 169999.
47, 3617
List the prime factors of 894023.
13, 68771
List the prime factors of 1526465.
5, 397, 769
List the prime factors of 1963413.
3, 72719
What are the prime factors of 2791738?
2, 1395869
What are the prime factors of 210781?
41, 53, 97
What are the prime factors of 14350201?
14350201
List the prime factors of 12651313.
12651313
What are the prime factors of 1307438?
2, 11, 67, 887
List the prime factors of 7830.
2, 3, 5, 29
List the prime factors of 851394.
2, 3, 17, 491
What are the prime factors of 429430?
2, 5, 42943
What are the prime factors of 17232713?
17, 37, 27397
What are the prime factors of 6472?
2, 809
What are the prime factors of 235647?
3, 26183
What are the prime factors of 43388?
2, 10847
What are the prime factors of 3517890?
2, 3, 5, 149, 787
What are the prime factors of 41700?
2, 3, 5, 139
List the prime factors of 4656196.
2, 47, 24767
List the prime factors of 155262.
2, 3, 113, 229
List the prime factors of 79921.
229, 349
What are the prime factors of 4441034?
2, 13, 170809
List the prime factors of 215713.
17, 12689
List the prime factors of 1410499.
1410499
List the prime factors of 1367765.
5, 7, 39079
What are the prime factors of 477473?
47, 10159
List the prime factors of 22047576.
2, 3, 53, 17333
What are the prime factors of 411232?
2, 71, 181
List the prime factors of 3573269.
7, 47, 10861
What are the prime factors of 230266?
2, 115133
List the prime factors of 1115038.
2, 557519
List the prime factors of 452259.
3, 31, 1621
What are the prime factors of 94043?
157, 599
What are the prime factors of 335474?
2, 59, 2843
What are the prime factors of 368628?
2, 3, 13, 17, 139
List the prime factors of 22985272.
2, 457, 6287
What are the prime factors of 139362?
2, 3, 23227
List the prime factors of 3687197.
19, 47, 4129
List the prime factors of 451718.
2, 225859
What are the prime factors of 57020?
2, 5, 2851
What are the prime factors of 8831256?
2, 3, 7, 52567
What are the prime factors of 1349?
19, 71
List the prime factors of 6091978.
2, 3045989
What are the prime factors of 666832?
2, 71, 587
What are the prime factors of 413273?
7, 43, 1373
What are the prime factors of 16138839?
3, 5379613
What are the prime factors of 2317860?
2, 3, 5, 79, 163
List the prime factors of 6313593.
3, 11, 13, 14717
What are the prime factors of 688942?
2, 17, 23, 881
List the prime factors of 2359002.
2, 3, 19, 20693
List the prime factors of 6893445.
3, 5, 13, 23, 29, 53
List the prime factors of 2558519.
349, 7331
List the prime factors of 4435685.
5, 107, 8291
List the prime factors of 623849.
17, 36697
What are the prime factors of 123237?
3, 13693
What are the prime factors of 249678?
2, 3, 11, 13, 97
List the prime factors of 1953022.
2, 23, 42457
List the prime factors of 1729545.
3, 5, 115303
List the prime factors of 59455.
5, 11, 23, 47
List the prime factors of 8090890.
2, 5, 419, 1931
What are the prime factors of 695875?
5, 19, 293
List the prime factors of 2125360.
2, 5, 31, 857
List the prime factors of 1200472.
2, 7, 13, 17, 97
What are the prime factors of 11455993?
19, 602947
List the prime factors of 2056862.
2, 43, 23917
List the prime factors of 429470.
2, 5, 67, 641
List the prime factors of 352773.
3, 19, 2063
What are the prime factors of 411887?
7, 29, 2029
What are the prime factors of 3535236?
2, 3, 283, 347
What are the prime factors of 102066?
2, 3, 17011
What are the prime factors of 6057362?
2, 3028681
List the prime factors of 13021937.
139, 93683
List the prime factors of 18469008.
2, 3, 128257
List the prime factor